ainder when 32 is divided by y(r).
15
Let k(r) = -r**3 + 2*r**2 + 2. Let j be k(2). What is the remainder when (j/2 + -3)*-13 is divided by 9?
8
Let j(q) be the second derivative of 5*q**4/12 + q**3/2 + q**2 - 5*q. Calculate the remainder when j(-3) is divided by 10.
8
Let u(h) = 4*h**3 - 6*h**2 + 5*h - 17. What is the remainder when u(5) is divided by 30?
28
Suppose -5*v + 0*v - 166 = 4*d, 0 = 5*d + 2*v + 216. Let w = d + 74. Suppose 13 = -3*b + 61. Calculate the remainder when w is divided by b.
14
Suppose -4*y - x - 55 = -223, 0 = -y + x + 47. Calculate the remainder when y is divided by 15.
13
Let u = 124 - 88. Let t = -172 - -185. What is the remainder when u is divided by t?
10
Let o = 34 + -53. Let c = -34 - o. Calculate the remainder when 19 is divided by (-3)/2*70/c.
5
What is the remainder when (0/4 - -3)/1 is divided by 1?
0
Suppose -g = -6*g + 70. Let t(m) = 4*m**2. Let j be t(-1). Suppose 3 + 1 = -d - 4*z, j*z = d - 20. What is the remainder when g is divided by d?
6
Let x be 7 - (3 - 3)/(-3). Let u = x + -5. Calculate the remainder when 2 is divided by u.
0
Let u(h) = -58*h. Let f(s) = -s**2 + 2. Let p be f(-2). What is the remainder when u(-1) is divided by (26/(-4) + -1)*p?
13
Suppose -2*u = -4*n + 3*u + 36, 3*n - u = 38. Let i = n - -8. Calculate the remainder when i is divided by 12.
10
Let r = -8 - -24. Suppose -5*o + 25 = d + 3*d, 5*d = 4*o - 20. Let g = d + 30. Calculate the remainder when g is divided by r.
14
Let m(h) = -h**3 - 4*h**2 + 3*h - 2. Let o be m(-5). Suppose 5*b - 3*b = o. Suppose -f + 0 = -b. What is the remainder when 11 is divided by f?
3
Let j = -4 + 6. Suppose 5*q = -4*d + 47, j*q - 3*d + 14 - 42 = 0. Suppose 9*x - 4*x = 105. What is the remainder when x is divided by q?
10
Let v = -4 + 12. Let p = 8 - 4. Suppose -5*i + 150 = -5*t, p*t + 59 = 2*i + t. What is the remainder when i is divided by v?
7
Suppose -2*q + 5*q = -4*t + 14, -4*q = -t - 6. Suppose 0 = m - 48 + 19. Calculate the remainder when m is divided by 60/q*6/12.
14
Let k = -3 + 6. Suppose -k*r = 2*r - 175. Calculate the remainder when r is divided by 13.
9
Calculate the remainder when 7464/84 - 1/(-7) is divided by 23.
20
Let c(j) = -5*j**2 - 6*j - 11. Let f(p) = 10*p + 4*p**2 + 0*p**2 + 10 - 4*p. Let u(w) = 3*c(w) + 4*f(w). What is the remainder when 4 is divided by u(-5)?
0
Let m be (-4 - -2)*15/2. Let g = m - -52. Suppose -8*w + 5*w = -57. What is the remainder when g is divided by w?
18
Suppose 0 = x + 4*x - 95. Suppose 0 = -3*l + 98 + 67. Calculate the remainder when l is divided by x.
17
Let v(h) = -4*h + 5. Let g(u) = u**2 - 6*u + 6. Let b be g(7). Let w be 1/(-2)*(b - 5). Calculate the remainder when 41 is divided by v(w).
20
Calculate the remainder when 17 is divided by (280/98)/(4/14).
7
Calculate the remainder when 79 is divided by (-176)/(-18) - (-34)/153.
9
Let p(m) = -m**3 + 5*m**2 - 4*m + 3. Let v be p(4). What is the remainder when 60 is divided by (-7)/(v/(-18)*2)?
18
Let l be 4 - 2*(-5)/(-2). Let j(n) = -14*n + 1. What is the remainder when 57 is divided by j(l)?
12
Suppose -5*u - 3*c - 3 + 2 = 0, 2*u - 2 = -2*c. What is the remainder when 31 is divided by (33/(-9))/(u/6)?
9
Let s be 1/2*(13 - 1). Let b(p) = p**3 - 6*p**2 + 8*p - 1. What is the remainder when b(s) is divided by 12?
11
Let r(a) be the first derivative of 3*a**4/4 - a**3 - a**2/2 + 2*a - 2. What is the remainder when 22 is divided by r(2)?
10
Suppose -20 = -2*r + p, 0 = 3*r - 4*r - 3*p + 24. Let h(s) = s**2 - 3*s - 9. What is the remainder when h(-6) is divided by r?
9
Let d = 5 - 5. Suppose 0 = 5*k - g - 28, 3*k + 5*g = -d*g. Let r = 6 - -7. Calculate the remainder when r is divided by k.
3
Let j(z) = z**2 + 4 - 5 + 3*z + 6. Calculate the remainder when j(-6) is divided by 8.
7
Suppose 2*r - 3*c - 8 = c, 4*c = -4. Suppose -r*k = -k - 22. Let u(o) = -o**2 + 12*o - 12. Calculate the remainder when k is divided by u(10).
6
Suppose -3*o - 2*o = -65. Let z = o - -3. Suppose -c + z = c. What is the remainder when 21 is divided by c?
5
Suppose -174 - 31 = -5*n. What is the remainder when n is divided by 11?
8
What is the remainder when 39/4*(-48)/(-9) is divided by 14?
10
Suppose -c + 8 = c. Suppose -3*z + 70 = -5*x, -c*z + 2*x + 40 = -2*z. Suppose 3*l - 20 = 3*k - 5, 17 = l + 3*k. Calculate the remainder when z is divided by l.
7
Let r(k) = -10*k**3 - 3*k**2 + 2*k - 2. Let s be r(2). Let p(u) = -7*u - 5. Let b be p(6). Let g = b - s. What is the remainder when g is divided by 15?
13
Suppose -2*v + 8 = -2*z, -2 + 8 = -2*z. What is the remainder when 21 is divided by (-11)/((2 - v)/(-1))?
10
Let x(b) = 2*b - 11. Let v be (4 - -1)*(-9 + 11). Calculate the remainder when 34 is divided by x(v).
7
Let k = 12 - 7. Calculate the remainder when 3/(-12) - (-114)/8 is divided by k.
4
Let k(s) = -s**3 - 5*s**2 - 2*s + 4. Let z be k(-5). Let c = 13 + z. Calculate the remainder when c is divided by 14.
13
Calculate the remainder when ((-4 + 33)/(-1))/(-1) is divided by 0 + 7 + (0 - -1).
5
Let u(f) = f**2 + 13*f + 29. Calculate the remainder when 65 is divided by u(-12).
14
Let i(h) = 19*h**2 + 3*h + 2. What is the remainder when i(3) is divided by 37?
34
Let g = 3 - -2. Suppose -g*x + 15 - 93 = -3*d, 71 = 2*d + 3*x. Calculate the remainder when d is divided by 16.
15
Let l = -10 + 29. Suppose 4*v - 3*a = 7, 21 = 3*v + 5*a + 52. What is the remainder when -1 - (0 - l) - v is divided by 11?
9
Let c(l) = 13*l - 1. Let b(y) = -y - 2. Let i be b(-3). Suppose 4*s = -5*j + 111, s + 4*j = 5*j + 39. Calculate the remainder when s is divided by c(i).
10
Calculate the remainder when 93 is divided by 26 - (-10)/(-5 - 0).
21
Let t = -18 - -35. Calculate the remainder when 23 is divided by t.
6
Let s = -17 + 24. Suppose 5*u = 2*u + 57. Suppose -z + u = -0*z. What is the remainder when z is divided by s?
5
Suppose -4*t = -4*w, 3*t - 14 = -w + 6. Calculate the remainder when ((-1)/((-3)/(-4)))/(6/(-54)) is divided by t.
2
What is the remainder when 46 is divided by ((-2)/4)/((-1)/48)?
22
Suppose v - 104 = -h, 2*h + 2*v = -2*h + 408. What is the remainder when h is divided by 21?
16
Let n = 4 - 2. Suppose 3*h + f + 39 = 4*f, -5*h - 5*f = 15. Let w = h + 11. What is the remainder when w is divided by n?
1
Suppose -3*h + 2*s + 275 = 0, -5*s = -3*h + 143 + 135. Suppose -5*c = -94 - h. What is the remainder when c is divided by (57/15)/((-2)/(-10))?
18
Suppose 3*i - 66 = 39. What is the remainder when i is divided by 13?
9
Suppose -9*m + 8 + 136 = 0. Suppose -3*c + 27 = -3*y, -2*c + 3*y + 14 = 2*y. What is the remainder when m is divided by c?
1
Suppose m - 2 = -0*m. Suppose -m*p - 7 = -3*p. What is the remainder when 12 is divided by p?
5
Suppose -3*s - 3*p + 89 = 2*p, 2*s + p = 57. Let t = s + -6. Calculate the remainder when 63 is divided by t.
19
Suppose 3*g + g = 4. What is the remainder when (-1)/((3/(-12))/((-5)/(-10))) is divided by g?
0
Suppose -3*t - 2*t + 10 = 0. Suppose -6*a = -2*i - 2*a + 46, 0 = 4*i - t*a - 62. Let b = 20 + -13. Calculate the remainder when i is divided by b.
6
Suppose -2*r = -u + 3, 5*r - 3 = -u + r. What is the remainder when 6 is divided by u?
0
Let m be (0 + 2)/(6/9). Suppose -2*d + 84 = j, 0*d - m*j = -3*d + 126. Calculate the remainder when d is divided by 15.
12
Suppose 95 = 3*l - 112. Calculate the remainder when l is divided by 18.
15
Let f(x) = x + 3*x + 3*x**2 - 6*x. Let b = -52 + 66. Calculate the remainder when f(4) is divided by b.
12
Let h(t) = -6*t + 3. Let b(z) = -25*z + 11. Let s(r) = -2*b(r) + 9*h(r). Suppose 0*w + 4 = -w. What is the remainder when s(w) is divided by 8?
5
Let v = 14 - 10. Let j = -6 + 12. Calculate the remainder when j is divided by v.
2
Let f = -17 - -35. Let n = f - 13. What is the remainder when 14 is divided by n?
4
Let d = 5 - -9. Let y(j) = 2*j**2 - 3*j - 4. What is the remainder when d is divided by y(3)?
4
Let a = 18 + -15. Suppose a*i - 229 = 68. What is the remainder when i is divided by 20?
19
Let l(z) = 6*z**3 - 3*z**2 + 2*z + 1. Calculate the remainder when l(2) is divided by 11.
8
Calculate the remainder when ((-8 - -3)*-18)/2 is divided by 12.
9
Suppose 3*f - 6*f = -81. What is the remainder when 78 is divided by f?
24
Let t = 98 + -59. Calculate the remainder when t is divided by 8.
7
Suppose 39 + 33 = 6*s. Calcu